
What is the ten thousands digit of 965316?
6
What is the tens digit of 41802520?
2
What is the ten thousands digit of 6607757?
0
What is the tens digit of 3826917?
1
What is the thousands digit of 763481?
3
What is the millions digit of 2649681?
2
What is the thousands digit of 213330?
3
What is the units digit of 56406?
6
What is the units digit of 1913837?
7
What is the tens digit of 629058?
5
What is the tens digit of 754636?
3
What is the thousands digit of 5176820?
6
What is the tens digit of 886107?
0
What is the hundred thousands digit of 453909?
4
What is the hundred thousands digit of 419507?
4
What is the units digit of 12975232?
2
What is the thousands digit of 1970363?
0
What is the tens digit of 261766?
6
What is the hundred thousands digit of 32491764?
4
What is the tens digit of 7100212?
1
What is the hundred thousands digit of 3429755?
4
What is the units digit of 16?
6
What is the thousands digit of 239025?
9
What is the thousands digit of 816192?
6
What is the units digit of 9308438?
8
What is the hundred thousands digit of 608725?
6
What is the ten thousands digit of 668262?
6
What is the millions digit of 1902426?
1
What is the thousands digit of 570171?
0
What is the tens digit of 1519061?
6
What is the tens digit of 626348?
4
What is the tens digit of 18825029?
2
What is the units digit of 1862697?
7
What is the thousands digit of 334504?
4
What is the ten thousands digit of 2366641?
6
What is the hundred thousands digit of 1831348?
8
What is the thousands digit of 14469643?
9
What is the thousands digit of 204609?
4
What is the units digit of 530935?
5
What is the ten thousands digit of 8064764?
6
What is the ten thousands digit of 92023?
9
What is the tens digit of 3035138?
3
What is the millions digit of 1201308?
1
What is the hundreds digit of 1228008?
0
What is the thousands digit of 5588773?
8
What is the hundred thousands digit of 997598?
9
What is the units digit of 3601731?
1
What is the units digit of 909258?
8
What is the units digit of 109693?
3
What is the thousands digit of 277522?
7
What is the ten thousands digit of 277929?
7
What is the tens digit of 19423914?
1
What is the hundred thousands digit of 8422397?
4
What is the hundreds digit of 66521?
5
What is the tens digit of 114064?
6
What is the ten thousands digit of 39156113?
5
What is the millions digit of 8947401?
8
What is the tens digit of 1530902?
0
What is the thousands digit of 401457?
1
What is the hundred thousands digit of 7871809?
8
What is the hundreds digit of 126273?
2
What is the hundreds digit of 22755652?
6
What is the thousands digit of 9484287?
4
What is the hundreds digit of 6203?
2
What is the units digit of 228476?
6
What is the hundreds digit of 11301601?
6
What is the millions digit of 11177188?
1
What is the millions digit of 1976292?
1
What is the thousands digit of 1522452?
2
What is the thousands digit of 34291?
4
What is the tens digit of 37098721?
2
What is the thousands digit of 3893948?
3
What is the millions digit of 4084579?
4
What is the ten thousands digit of 162404?
6
What is the millions digit of 1723972?
1
What is the ten thousands digit of 445887?
4
What is the ten thousands digit of 247420?
4
What is the hundreds digit of 84346?
3
What is the ten thousands digit of 104080?
0
What is the hundreds digit of 21394046?
0
What is the ten thousands digit of 5571119?
7
What is the units digit of 722459?
9
What is the millions digit of 3348585?
3
What is the hundred thousands digit of 271723?
2
What is the ten thousands digit of 767068?
6
What is the units digit of 928974?
4
What is the hundred thousands digit of 1172650?
1
What is the millions digit of 27114856?
7
What is the thousands digit of 54134?
4
What is the units digit of 17220693?
3
What is the tens digit of 527941?
4
What is the millions digit of 3502857?
3
What is the hundred thousands digit of 21816583?
8
What is the thousands digit of 247912?
7
What is the hundred thousands digit of 157926?
1
What is the ten millions digit of 39309655?
3
What is the hundred thousands digit of 496311?
4
What is the hundreds digit of 2060743?
7
What is the ten thousands digit of 38216679?
1
What is the units digit of 3603693?
3
What is the hundred thousands digit of 1014773?
0
What is the hundreds digit of 330959?
9
What is the tens digit of 4579318?
1
What is the ten thousands digit of 7341002?
4
What is the hundreds digit of 76747?
7
What is the units digit of 26798902?
2
What is the units digit of 3536765?
5
What is the units digit of 5849238?
8
What is the thousands digit of 8726401?
6
What is the tens digit of 224054?
5
What is the hundreds digit of 340342?
3
What is the millions digit of 1584611?
1
What is the tens digit of 1279040?
4
What is the millions digit of 2823559?
2
What is the hundreds digit of 476417?
4
What is the hundred thousands digit of 1006936?
0
What is the hundreds digit of 72734?
7
What is the units digit of 83200?
0
What is the hundreds digit of 3940335?
3
What is the units digit of 9459906?
6
What is the thousands digit of 1112241?
2
What is the thousands digit of 5713598?
3
What is the hundred thousands digit of 2151362?
1
What is the ten thousands digit of 12460040?
6
What is the thousands digit of 120406?
0
What is the thousands digit of 7392721?
2
What is the thousands digit of 10211362?
1
What is the thousands digit of 13941524?
1
What is the ten thousands digit of 90010?
9
What is the hundreds digit of 4470745?
7
What is the thousands digit of 1311662?
1
What is the units digit of 230014?
4
What is the units digit of 191566?
6
What is the tens digit of 544473?
7
What is the ten thousands digit of 7542875?
4
What is the ten thousands digit of 192123?
9
What is the units digit of 17383886?
6
What is the hundreds digit of 1393099?
0
What is the hundreds digit of 3835904?
9
What is the units digit of 2850112?
2
What is the thousands digit of 10989296?
9
What is the units digit of 3587609?
9
What is the units digit of 1822272?
2
What is the ten thousands digit of 499864?
9
What is the units digit of 2152622?
2
What is the hundreds digit of 7381160?
1
What is the units digit of 224122?
2
What is the hundred thousands digit of 23961702?
9
What is the hundred thousands digit of 17819066?
8
What is the hundreds digit of 295618?
6
What is the thousands digit of 1613983?
3
What is the hundred thousands digit of 6164603?
1
What is the millions digit of 1592092?
1
What is the hundreds digit of 7186996?
9
What is the units digit of 202200?
0
What is the thousands digit of 700179?
0
What is the tens digit of 189349?
4
What is the hundred thousands digit of 1905706?
9
What is the millions digit of 3540994?
3
What is the hundreds digit of 461123?
1
What is the hundred thousands digit of 669624?
6
What is the hundreds digit of 116061?
0
What is the millions digit of 7820220?
7
What is the thousands digit of 3340770?
0
What is the ten thousands digit of 671078?
7
What is the hundred thousands digit of 823233?
8
What is the ten thousands digit of 22315372?
1
What is the ten millions digit of 30652130?
3
What is the thousands digit of 4651571?
1
What is the hundred thousands digit of 549609?
5
What is the tens digit of 467819?
1
What is the ten thousands digit of 10686629?
8
What is the tens digit of 1692023?
2
What is the hundreds digit of 2123484?
4
What is the units digit of 2744348?
8
What is the tens digit of 2074687?
8
What is the hundreds digit of 30843800?
8
What is the tens digit of 4501?
0
What is the ten thousands digit of 509593?
0
What is the tens digit of 872182?
8
What is the units digit of 3951803?
3
What is the hundred thousands digit of 388367?
3
What is the hundreds digit of 188300?
3
What is the thousands digit of 5242997?
2
What is the tens digit of 7373798?
9
What is the thousands digit of 109433?
9
What is the thousands digit of 5609504?
9
What is the hundreds digit of 199435?
4
What is the thousands digit of 162579?
2
What is the tens digit of 7622304?
0
What is the units digit of 528276?
6
What is the units digit of 5721373?
3
What is the units digit of 11168?
8
What is the thousands digit of 36174?
6
What is the hundred thousands digit of 727169?
7
What is the thousands digit of 76519?
6
What is the ten thousands digit of 1139199?
